{"id":76,"date":"2015-01-18T20:54:27","date_gmt":"2015-01-18T18:54:27","guid":{"rendered":"http:\/\/www2187.vu.lt\/?page_id=76"},"modified":"2019-06-10T13:46:03","modified_gmt":"2019-06-10T10:46:03","slug":"paslaugos","status":"publish","type":"page","link":"http:\/\/www2187.vu.lt\/?page_id=76","title":{"rendered":"Paslaugos"},"content":{"rendered":"<p>\n\t&nbsp;\n<\/p>\n<p>\n\t<span style=\"font-size:16px;\"><span style=\"font-family:arial,helvetica,sans-serif;\"><a href=\"http:\/\/www2187.vu.lt\/?page_id=90\">Pagalba mokiniui<\/a><\/span><\/span>\n<\/p>\n<p>\n\t<span style=\"font-size:16px;\"><span style=\"font-family:arial,helvetica,sans-serif;\"><a href=\"http:\/\/www2187.vu.lt\/?page_id=100\">T\u0117vams<\/a><\/span><\/span>\n<\/p>\n<p>\n\t<span style=\"font-size:16px;\"><span style=\"font-family:arial,helvetica,sans-serif;\"><a href=\"http:\/\/www2187.vu.lt\/?page_id=84\">Sveikatos prie\u017ei\u016bra<\/a><\/span><\/span>\n<\/p>\n<p>\n\t<span style=\"font-size:16px;\"><span style=\"font-family:arial,helvetica,sans-serif;\"><a href=\"http:\/\/www2187.vu.lt\/?page_id=86\">Maitinimas<\/a><\/span><\/span>\n<\/p>\n<p>\n\t<span style=\"font-size:16px;\"><span style=\"font-family:arial,helvetica,sans-serif;\"><a href=\"http:\/\/www2187.vu.lt\/?page_id=88\">Pav\u0117\u017e\u0117jimas<\/a><\/span><\/span><\/p>\n","protected":false},"excerpt":{"rendered":"<p>&nbsp; Pagalba mokiniui T\u0117vams Sveikatos prie\u017ei\u016bra Maitinimas Pav\u0117\u017e\u0117jimas<\/p>\n","protected":false},"author":1,"featured_media":0,"parent":0,"menu_order":4,"comment_status":"closed","ping_status":"closed","template":"","meta":[],"_links":{"self":[{"href":"http:\/\/www2187.vu.lt\/index.php?rest_route=\/wp\/v2\/pages\/76"}],"collection":[{"href":"http:\/\/www2187.vu.lt\/index.php?rest_route=\/wp\/v2\/pages"}],"about":[{"href":"http:\/\/www2187.vu.lt\/index.php?rest_route=\/wp\/v2\/types\/page"}],"author":[{"embeddable":true,"href":"http:\/\/www2187.vu.lt\/index.php?rest_route=\/wp\/v2\/users\/1"}],"replies":[{"embeddable":true,"href":"http:\/\/www2187.vu.lt\/index.php?rest_route=%2Fwp%2Fv2%2Fcomments&post=76"}],"version-history":[{"count":3,"href":"http:\/\/www2187.vu.lt\/index.php?rest_route=\/wp\/v2\/pages\/76\/revisions"}],"predecessor-version":[{"id":5855,"href":"http:\/\/www2187.vu.lt\/index.php?rest_route=\/wp\/v2\/pages\/76\/revisions\/5855"}],"wp:attachment":[{"href":"http:\/\/www2187.vu.lt\/index.php?rest_route=%2Fwp%2Fv2%2Fmedia&parent=76"}],"curies":[{"name":"wp","href":"https:\/\/api.w.org\/{rel}","templated":true}]}}