{"id":100,"date":"2015-01-18T21:02:31","date_gmt":"2015-01-18T19:02:31","guid":{"rendered":"http:\/\/www2187.vu.lt\/?page_id=100"},"modified":"2019-06-10T13:51:09","modified_gmt":"2019-06-10T10:51:09","slug":"tevams","status":"publish","type":"page","link":"http:\/\/www2187.vu.lt\/?page_id=100","title":{"rendered":"T\u0117vams"},"content":{"rendered":"<p>\n\t&nbsp;\n<\/p>\n<p>\n\t<span style=\"font-size:16px;\"><span style=\"font-family:arial,helvetica,sans-serif;\"><a href=\"http:\/\/www2187.vu.lt\/?page_id=102\">Pri\u0117mimo \u012f mokykl\u0105 tvarka<\/a><\/span><\/span>\n<\/p>\n<p>\n\t<span style=\"font-size:16px;\"><span style=\"font-family:arial,helvetica,sans-serif;\"><a href=\"http:\/\/www2187.vu.lt\/?page_id=106\">Kita informacija<\/a><\/span><\/span><\/p>\n","protected":false},"excerpt":{"rendered":"<p>&nbsp; Pri\u0117mimo \u012f mokykl\u0105 tvarka Kita informacija<\/p>\n","protected":false},"author":1,"featured_media":0,"parent":76,"menu_order":2,"comment_status":"closed","ping_status":"closed","template":"","meta":[],"_links":{"self":[{"href":"http:\/\/www2187.vu.lt\/index.php?rest_route=\/wp\/v2\/pages\/100"}],"collection":[{"href":"http:\/\/www2187.vu.lt\/index.php?rest_route=\/wp\/v2\/pages"}],"about":[{"href":"http:\/\/www2187.vu.lt\/index.php?rest_route=\/wp\/v2\/types\/page"}],"author":[{"embeddable":true,"href":"http:\/\/www2187.vu.lt\/index.php?rest_route=\/wp\/v2\/users\/1"}],"replies":[{"embeddable":true,"href":"http:\/\/www2187.vu.lt\/index.php?rest_route=%2Fwp%2Fv2%2Fcomments&post=100"}],"version-history":[{"count":2,"href":"http:\/\/www2187.vu.lt\/index.php?rest_route=\/wp\/v2\/pages\/100\/revisions"}],"predecessor-version":[{"id":5857,"href":"http:\/\/www2187.vu.lt\/index.php?rest_route=\/wp\/v2\/pages\/100\/revisions\/5857"}],"up":[{"embeddable":true,"href":"http:\/\/www2187.vu.lt\/index.php?rest_route=\/wp\/v2\/pages\/76"}],"wp:attachment":[{"href":"http:\/\/www2187.vu.lt\/index.php?rest_route=%2Fwp%2Fv2%2Fmedia&parent=100"}],"curies":[{"name":"wp","href":"https:\/\/api.w.org\/{rel}","templated":true}]}}